 1222?
1212
In base 9, what is -4 + 57?
53
In base 8, what is -25 - -170?
143
In base 2, what is -10 - -10100101101?
10100101011
In base 15, what is -1 - -d07?
d06
In base 13, what is 25c5 + 5?
25ca
In base 11, what is -180 - -13?
-168
In base 14, what is -13c7 + -3?
-13ca
In base 13, what is 75 - -3?
78
In base 14, what is 11 - 3?
c
In base 10, what is -442 - 1?
-443
In base 8, what is 42 + -1?
41
In base 15, what is -14 + 2?
-12
In base 7, what is -4 - 1646?
-1653
In base 15, what is 5 + 13?
18
In base 15, what is a + 4?
e
In base 8, what is 3327 + 2?
3331
In base 5, what is 3 - -30?
33
In base 3, what is 201200 + 0?
201200
In base 6, what is -15211 + 2?
-15205
In base 5, what is 4 + 134241?
134300
In base 9, what is -1362 - -3?
-1358
In base 2, what is -101 + -10111101?
-11000010
In base 4, what is 2132 + -32?
2100
In base 16, what is 27 + 0?
27
In base 16, what is 259 + 2?
25b
In base 4, what is -10122030 + -10?
-10122100
In base 8, what is -176 + 37?
-137
In base 9, what is -5 - -65?
60
In base 5, what is 331 - -12?
343
In base 5, what is 42312 - -1?
42313
In base 9, what is -52 - 0?
-52
In base 10, what is 3 - 145?
-142
In base 3, what is 112110 - 0?
112110
In base 16, what is -2 + -5a?
-5c
In base 6, what is -10 - -34?
24
In base 2, what is -100 - 111111?
-1000011
In base 6, what is -2 - -2?
0
In base 16, what is -3 + -37?
-3a
In base 7, what is -61 - 62?
-153
In base 16, what is 2b - 2?
29
In base 11, what is -84 - -5?
-7a
In base 7, what is 203 - -31?
234
In base 8, what is 2 - -16713?
16715
In base 14, what is 2 - 546?
-544
In base 2, what is 1101010 + 10?
1101100
In base 16, what is -26 + 2d?
7
In base 12, what is -b3 + 73?
-40
In base 6, what is 4 + -3301?
-3253
In base 3, what is -122 + 10222?
10100
In base 14, what is 853 - -5?
858
In base 7, what is 2 - 2?
0
In base 5, what is -423 - -33?
-340
In base 12, what is a7 - -7?
b2
In base 4, what is -11 + -3022?
-3033
In base 5, what is 200 + -10?
140
In base 3, what is 1 + 21110?
21111
In base 2, what is -11101011 - -100?
-11100111
In base 16, what is 120 + 4?
124
In base 15, what is -6 + -996?
-99c
In base 7, what is -254 - 14?
-301
In base 11, what is 29a7 - -1?
29a8
In base 5, what is -210 + -1100?
-1310
In base 10, what is -3 - -100?
97
In base 14, what is 6 - -2c?
34
In base 10, what is -3 - 260?
-263
In base 2, what is 111 + -10000001?
-1111010
In base 10, what is -253 + -13?
-266
In base 10, what is 154 + 3?
157
In base 14, what is 209 - 0?
209
In base 9, what is 2756 - -5?
2762
In base 13, what is 3 - -17ac?
17b2
In base 16, what is -1ad - 0?
-1ad
In base 10, what is 189 + -4?
185
In base 3, what is 20 + -1201?
-1111
In base 9, what is 35 - 46?
-11
In base 8, what is -4 - -1366?
1362
In base 16, what is -43 + db?
98
In base 8, what is -166 + 27?
-137
In base 4, what is 11 + 312?
323
In base 12, what is -13 - -10?
-3
In base 9, what is 11 - 1?
10
In base 16, what is -41 - -4?
-3d
In base 11, what is -450 - 2?
-452
In base 10, what is 37 + -31?
6
In base 15, what is -237 + 1?
-236
In base 15, what is -16 + 84?
6d
In base 15, what is 5e57 - -2?
5e59
In base 12, what is -595 + -2?
-597
In base 7, what is 0 + 500?
500
In base 11, what is -3072 - 1?
-3073
In base 6, what is -1 - -245?
244
In base 3, what is -112 - 101?
-220
In base 4, what is 211103 - -1?
211110
In base 8, what is -6 + -1170?
-1176
In base 7, what is 60 - -3?
63
In base 4, what is -210102 - -10?
-210032
In base 9, what is 311 + 3?
314
In base 16, what is -ba4 - 1?
-ba5
In base 11, what is 72 - -55?
117
In base 6, what is 14352 + 14?
14410
In base 10, what is -1 - -284?
283
In base 6, what is 452 - -413?
1305
In base 9, what is 1 - -74?
75
In base 11, what is a9 + 4?
102
In base 10, what is 5 - -33?
38
In base 12, what is 1 + -62?
-61
In base 3, what is -10020 - -12?
-10001
In base 4, what is 1321 + -2?
1313
In base 10, what is -45 + -3?
-48
In base 15, what is 1 - -140?
141
In base 2, what is -1010000000011 - 1?
-1010000000100
In base 16, what is -4 + -232?
-236
In base 7, what is -3340 - 54?
-3424
In base 8, what is 2 + -354?
-352
In base 8, what is 23 + 0?
23
In base 14, what is -2 - 185?
-187
In base 11, what is -149 - -4?
-145
In base 2, what is -11010 + 11010?
0
In base 10, what is 5 - -65?
70
In base 8, what is -3 - 267?
-272
In base 5, what is -212 + -2?
-214
In base 16, what is 62 + -2?
60
In base 2, what is 1001 - 100000001011?
-100000000010
In base 13, what is -299 + -1?
-29a
In base 4, what is 10 - -1220?
1230
In base 12, what is 18 + -98?
-80
In base 8, what is -26 + 7?
-17
In base 6, what is 443 - 0?
443
In base 2, what is -11110110 + -10?
-11111000
In base 4, what is -2 - 3201?
-3203
In base 12, what is 8195 + -3?
8192
In base 5, what is 1113140 - 10?
1113130
In base 7, what is -235 + -13?
-251
In base 15, what is -ddc + -4?
-de1
In base 2, what is -1001011011110 - 101?
-1001011100011
In base 7, what is 3 - 41?
-35
In base 5, what is 44124 - -4?
44133
In base 4, what is 3 + -2222?
-2213
In base 3, what is 20010 + 20?
20100
In base 6, what is 1244 - 0?
1244
In base 14, what is 60 + 5?
65
In base 14, what is -693 - 3?
-696
In base 15, what is -759 - 4?
-75d
In base 12, what is 1 + 1b?
20
In base 13, what is 4 - -50?
54
In base 7, what is 3 - -16264?
16300
In base 12, what is 2a - 58?
-2a
In base 6, what is -1021 + -10?
-1031
In base 7, what is 1 - 11415?
-11414
In base 6, what is -5 + -4405?
-4414
In base 2, what is -1000010011 - -1?
-1000010010
In base 14, what is -d3 - 5?
-d8
In base 13, what is -26 - -2?
-24
In base 3, what is -10020212 + -1?
-10020220
In base 10, what is -2986 + -2?
-2988
In base 2, what is 1000000011 + 11?
1000000110
In base 5, what is 1 - 314?
-313
In base 2, what is 1 - 100101101?
-100101100
In base 16, what is ff + 0?
ff
In base 11, what is 4 - -22?
26
In base 4, what is -3010 + 1?
-3003
In base 8, what is 56 - -12?
70
In base 16, what is 0 - -1d97?
1d97
In base 15, what is -66 - -6?
-60
In base 8, what is 632 + -7?
623
In base 3, what is 11 - -10110?
10121
In base 15, what is -9 + 13?
9
In base 7, what is -61 + -625?
-1016
In base 3, what is -10122 - -20?
-10102
In base 13, what is -124b7 - -1?
-124b6
In base 13, what is 313a - -2?
313c
In base 11, what is 1 - -2392?
2393
In base 8, what is -76 + -176?
-274
In base 10, what is 0 - 87?
-87
In base 8, what is -3 - 44?
-47
In base 11, what is -72 - -36?
-37
In base 12, what is 2 - 306?
-304
In base 14, what is 1 + -194?
-193
In base 12, what is -1 - -737?
736
In base 14, what is 4 - -31?
35
In base 9, what is 5 + 217?
223
In base 9, what is 22 + -152?
-130
In base 4, what is 1102 - 31?
1011
In base 14, what is 1581 - 2?
157d
In base 16, what is -1 + 1e4?
1e3
In base 2, what is 1001100 + 101001111?
110011011
In base 10, what is 5 + 19?
24
In base 6, what is -1305 + -1?
-1310
In base 5, what is -3 - -2133?
2130
In base 8, what is -2 + 216?
214
In base 3, what is 12 - 112?
-100
In base 7, what is -61 + 0?
-61
In base 11, what is 4 - -42?
46
In base 15, what is -3147 - -4?
-3143
In base 5, what is -1 - 14044?
-14100
In base 8, what is 645 - -17?
664
In base 5, what is -21222 + 10?
-21212
In base 8, what is 44 - -10?
54
In base 14, what is -55 - 4?
-59
In base 12, what is -11a4 - -12?
-1192
In base 4, what is 11 - 11123?
-11112
In base 11, what is 5089 + -1?
5088
In base 10, what is 2 + -503?
-501
In base 10, what is 3 - 3786?
-3783
In base 12, what is 2 + -8ab?
-8a9
In base 12, what is -8 - 3?
-b
In base 4, what is -20 - 111?
-131
In base 11, what is -84 + -34?
-108
In base 6, what is -542 + -3?
-545
In base 6, what is 1 + -4442?
-4441
In base 2, what is 1101101110 + 101?
1101110011
In base 9, what is 178 - 5?
173
In base 11, what is -2a4 + 1?
-2a3
In base 14, what is 212 - 2?
210
In base 15, what is 8c2 - -2?
8c4
In base 8, what is 11 + 7?
20
In base 3, what is -12 + 2021212?
2021200
In base 6, what is -2224 + -22?
-2250
In base 6, what is 20 - 13451?
-13431
In base 8, what is 2 - -12013?
12015
In base 9, what is 572 - 3?
568
In base 13, what is -1 + 211?
210
In base 6, what is -2 - -3?
1
In base 9, what is -17 + -35?
-53
In base 10, what is -31 + -363?
-394
In base 10, what is 61 + -2?
59
In base 10, what is -1 + 4228?
4227
In base 7, what is 642 + 2?
644
In base 3, what is -2002 - -11222?
2220
In base 10, what is 36 - 2?
34
In